{"id":244,"date":"2017-04-26T20:05:10","date_gmt":"2017-04-26T18:05:10","guid":{"rendered":"http:\/\/musicadomia.com\/?page_id=244"},"modified":"2024-04-08T14:25:06","modified_gmt":"2024-04-08T12:25:06","slug":"en-savoir-plus-sur-lamplificateur-integre-phaeton","status":"publish","type":"page","link":"https:\/\/musicadomia.com\/index.php\/en-savoir-plus-sur-lamplificateur-integre-phaeton\/","title":{"rendered":"en savoir plus sur l&rsquo;amplificateur int\u00e9gr\u00e9 Phaethon"},"content":{"rendered":"<p><strong>Le Phaethon<\/strong> est un amplificateur int\u00e9gr\u00e9 unique par de nombreux points. Il utilise une grande partie des solutions techniques d\u00e9velopp\u00e9es pour les blocs\u00a0mono d&rsquo;amplification Aelius et le pr\u00e9amplificateur PST100mk2 int\u00e9gr\u00e9es dans un design compact et \u00e9l\u00e9gant.<\/p>\n<p>Le Phaethon est un amplificateur hybride \u00e0 entr\u00e9es lignes utilisant seulement trois \u00e9tages de gain actifs de faible bruit , dont deux d&rsquo;entre eux \u00e0 tubes, fonctionnant en single-ended de classe A, pour l&rsquo;\u00e9tage d&rsquo;entr\u00e9e et de contr\u00f4le. Il a recours \u00e0 un att\u00e9nuateur de volume sonore \u00e0 transformateur enroul\u00e9 dans nos ateliers et int\u00e9gr\u00e9 dans la section pr\u00e9amplificateur par une nouvelle technique post att\u00e9nuation.<\/p>\n<p>L&rsquo;\u00e9tage de contr\u00f4le \u00e0 tube est coupl\u00e9 \u00e0 l&rsquo;\u00e9tage de sortie avec un transformateur inter-\u00e9tage \u00e0 large bande passante qui produit une division de phase parfaite pour l&rsquo;\u00e9tage de sortie.<\/p>\n<p>L&rsquo;\u00e9tage de sortie combin\u00e9 par des semi-conducteurs de m\u00eame polarit\u00e9 pour les deux phases dans une \u00ab\u00a0architecture single ended sym\u00e9trique\u00a0\u00bb offre la saveur des sch\u00e9mas purs single ended avec la puissance des conceptions push-pull.<\/p>\n<p>Le tube et l&rsquo;\u00e9tage de sortie disposent chacun d&rsquo;alimentations s\u00e9par\u00e9es en s&rsquo;appuyant sur cinq inductances d&rsquo;alimentation pour un filtrage \u00e0 faible bruit.<\/p>\n<p>Tous ces \u00e9l\u00e9ments ont \u00e9t\u00e9 con\u00e7us comme un tout pour fonctionner \u00e0 l&rsquo;unisson offrant ainsi une qualit\u00e9 sonore in\u00e9gal\u00e9e, avantage clair de l&rsquo;int\u00e9gr\u00e9. Toutes les fonctions sont pilot\u00e9es par une t\u00e9l\u00e9commande et sont visibles gr\u00e2ce \u00e0 un \u00e9cran LCD de haute qualit\u00e9 avec de grands caract\u00e8res afin qu&rsquo;il puisse \u00eatre lu depuis votre point d&rsquo;\u00e9coute.<\/p>\n<p><strong>Caract\u00e9ristiques du Phaethon<\/strong><\/p>\n<p>\u00b7\u00a0\u00a0\u00a0\u00a0\u00a0\u00a0\u00a0\u00a0 Transparence sonore par att\u00e9nuation du volume par transformateur<\/p>\n<p>\u00b7\u00a0\u00a0\u00a0\u00a0\u00a0\u00a0\u00a0\u00a0 Trois \u00e9tages de gain seulement dont celui \u00e0 tubes du pr\u00e9ampli actif<\/p>\n<p>\u00b7\u00a0\u00a0\u00a0\u00a0\u00a0\u00a0\u00a0\u00a0 Un \u00e9tage de sortie unique type \u00ab\u00a0single-ended pont\u00e9 \u00a0\u00bb \u00e0 bias en classe A pour les \u00ab\u00a0premiers watts les plus importants\u00a0\u00bb T\u00e9l\u00e9commande toutes fonctions<\/p>\n","protected":false},"excerpt":{"rendered":"<p>Le Phaethon est un amplificateur int\u00e9gr\u00e9 unique par de nombreux points. Il utilise une grande partie des solutions techniques d\u00e9velopp\u00e9es pour les blocs\u00a0mono d&rsquo;amplification Aelius et le pr\u00e9amplificateur PST100mk2 int\u00e9gr\u00e9es dans un design compact et \u00e9l\u00e9gant. Le Phaethon est un amplificateur hybride \u00e0 entr\u00e9es lignes utilisant seulement trois \u00e9tages de gain actifs de faible bruit &hellip; <\/p>\n<p class=\"link-more\"><a href=\"https:\/\/musicadomia.com\/index.php\/en-savoir-plus-sur-lamplificateur-integre-phaeton\/\" class=\"more-link\">Continuer la lecture<span class=\"screen-reader-text\"> de &laquo;&nbsp;en savoir plus sur l&rsquo;amplificateur int\u00e9gr\u00e9 Phaethon&nbsp;&raquo;<\/span><\/a><\/p>\n","protected":false},"author":1,"featured_media":0,"parent":0,"menu_order":0,"comment_status":"closed","ping_status":"closed","template":"","meta":{"footnotes":""},"class_list":["post-244","page","type-page","status-publish","hentry"],"_links":{"self":[{"href":"https:\/\/musicadomia.com\/index.php\/wp-json\/wp\/v2\/pages\/244","targetHints":{"allow":["GET"]}}],"collection":[{"href":"https:\/\/musicadomia.com\/index.php\/wp-json\/wp\/v2\/pages"}],"about":[{"href":"https:\/\/musicadomia.com\/index.php\/wp-json\/wp\/v2\/types\/page"}],"author":[{"embeddable":true,"href":"https:\/\/musicadomia.com\/index.php\/wp-json\/wp\/v2\/users\/1"}],"replies":[{"embeddable":true,"href":"https:\/\/musicadomia.com\/index.php\/wp-json\/wp\/v2\/comments?post=244"}],"version-history":[{"count":0,"href":"https:\/\/musicadomia.com\/index.php\/wp-json\/wp\/v2\/pages\/244\/revisions"}],"wp:attachment":[{"href":"https:\/\/musicadomia.com\/index.php\/wp-json\/wp\/v2\/media?parent=244"}],"curies":[{"name":"wp","href":"https:\/\/api.w.org\/{rel}","templated":true}]}}