{"id":133,"date":"2017-04-25T13:56:06","date_gmt":"2017-04-25T11:56:06","guid":{"rendered":"http:\/\/musicadomia.com\/?page_id=133"},"modified":"2024-04-08T14:25:06","modified_gmt":"2024-04-08T12:25:06","slug":"boutique","status":"publish","type":"page","link":"https:\/\/musicadomia.com\/index.php\/boutique\/","title":{"rendered":"Boutique"},"content":{"rendered":"<p>Une remise pourra \u00eatre accord\u00e9e aux clients de Musicadomia et aux personnes \u00e9tant parrain\u00e9es.<br \/>\nAu del\u00e0 de la fid\u00e9lit\u00e9, des commandes group\u00e9es pourront \u00e9galement donner acc\u00e8s \u00e0\u00a0une remise.<br \/>\nNous contacter pour plus de d\u00e9tails :<\/p>\n<h2><strong><span style=\"color: #0000ff;\">contact@musicadomia.com<\/span><\/strong><\/h2>\n<p>&nbsp;<\/p>\n<div id='gallery-1' class='gallery galleryid-133 gallery-columns-3 gallery-size-thumbnail'><figure class='gallery-item'>\n\t\t\t<div class='gallery-icon portrait'>\n\t\t\t\t<a href='https:\/\/musicadomia.com\/cropped-logo-ypsilon-complet-2-png\/'><img loading=\"lazy\" decoding=\"async\" width=\"150\" height=\"150\" src=\"https:\/\/musicadomia.com\/wp-content\/uploads\/2017\/04\/cropped-logo-Ypsilon-complet-2-150x150.png\" class=\"attachment-thumbnail size-thumbnail\" alt=\"\" srcset=\"https:\/\/musicadomia.com\/wp-content\/uploads\/2017\/04\/cropped-logo-Ypsilon-complet-2-150x150.png 150w, https:\/\/musicadomia.com\/wp-content\/uploads\/2017\/04\/cropped-logo-Ypsilon-complet-2-100x100.png 100w, https:\/\/musicadomia.com\/wp-content\/uploads\/2017\/04\/cropped-logo-Ypsilon-complet-2.png 249w\" sizes=\"auto, 100vw\" \/><\/a>\n\t\t\t<\/div><\/figure><figure class='gallery-item'>\n\t\t\t<div class='gallery-icon landscape'>\n\t\t\t\t<a href='https:\/\/musicadomia.com\/index.php\/about\/aelius\/'><img loading=\"lazy\" decoding=\"async\" width=\"150\" height=\"150\" src=\"https:\/\/musicadomia.com\/wp-content\/uploads\/2017\/04\/Aelius-150x150.jpg\" class=\"attachment-thumbnail size-thumbnail\" alt=\"\" srcset=\"https:\/\/musicadomia.com\/wp-content\/uploads\/2017\/04\/Aelius-150x150.jpg 150w, https:\/\/musicadomia.com\/wp-content\/uploads\/2017\/04\/Aelius-100x100.jpg 100w\" sizes=\"auto, 100vw\" \/><\/a>\n\t\t\t<\/div><\/figure><figure class='gallery-item'>\n\t\t\t<div class='gallery-icon landscape'>\n\t\t\t\t<a href='https:\/\/musicadomia.com\/cropped-zhi8889%ef%bc%88%e9%bb%91%e5%ba%95%ef%bc%89-1-2-jpg\/'><img loading=\"lazy\" decoding=\"async\" width=\"150\" height=\"150\" src=\"https:\/\/musicadomia.com\/wp-content\/uploads\/2017\/04\/cropped-ZHI8889\uff08\u9ed1\u5e95\uff09-1-2-150x150.jpg\" class=\"attachment-thumbnail size-thumbnail\" alt=\"\" srcset=\"https:\/\/musicadomia.com\/wp-content\/uploads\/2017\/04\/cropped-ZHI8889\uff08\u9ed1\u5e95\uff09-1-2-150x150.jpg 150w, https:\/\/musicadomia.com\/wp-content\/uploads\/2017\/04\/cropped-ZHI8889\uff08\u9ed1\u5e95\uff09-1-2-100x100.jpg 100w\" sizes=\"auto, 100vw\" \/><\/a>\n\t\t\t<\/div><\/figure><figure class='gallery-item'>\n\t\t\t<div class='gallery-icon landscape'>\n\t\t\t\t<a href='https:\/\/musicadomia.com\/index.php\/boutique\/supports-neodio-b1-origine\/'><img loading=\"lazy\" decoding=\"async\" width=\"150\" height=\"150\" src=\"https:\/\/musicadomia.com\/wp-content\/uploads\/2017\/04\/Supports-Neodio-B1-origine-150x150.jpg\" class=\"attachment-thumbnail size-thumbnail\" alt=\"\" srcset=\"https:\/\/musicadomia.com\/wp-content\/uploads\/2017\/04\/Supports-Neodio-B1-origine-150x150.jpg 150w, https:\/\/musicadomia.com\/wp-content\/uploads\/2017\/04\/Supports-Neodio-B1-origine-100x100.jpg 100w\" sizes=\"auto, 100vw\" \/><\/a>\n\t\t\t<\/div><\/figure><figure class='gallery-item'>\n\t\t\t<div class='gallery-icon landscape'>\n\t\t\t\t<a href='https:\/\/musicadomia.com\/index.php\/boutique\/playback-design-mps-3-2\/'><img loading=\"lazy\" decoding=\"async\" width=\"150\" height=\"150\" src=\"https:\/\/musicadomia.com\/wp-content\/uploads\/2017\/04\/Playback-Design-MPS-3-1-150x150.png\" class=\"attachment-thumbnail size-thumbnail\" alt=\"\" srcset=\"https:\/\/musicadomia.com\/wp-content\/uploads\/2017\/04\/Playback-Design-MPS-3-1-150x150.png 150w, https:\/\/musicadomia.com\/wp-content\/uploads\/2017\/04\/Playback-Design-MPS-3-1-100x100.png 100w\" sizes=\"auto, 100vw\" \/><\/a>\n\t\t\t<\/div><\/figure><figure class='gallery-item'>\n\t\t\t<div class='gallery-icon landscape'>\n\t\t\t\t<a href='https:\/\/musicadomia.com\/index.php\/occasions-et-bonnes-affaires\/cables-secteur-twl-digital\/'><img loading=\"lazy\" decoding=\"async\" width=\"150\" height=\"150\" src=\"https:\/\/musicadomia.com\/wp-content\/uploads\/2017\/04\/C\u00e2bles-secteur-TWL-Digital-150x150.jpg\" class=\"attachment-thumbnail size-thumbnail\" alt=\"\" srcset=\"https:\/\/musicadomia.com\/wp-content\/uploads\/2017\/04\/C\u00e2bles-secteur-TWL-Digital-150x150.jpg 150w, https:\/\/musicadomia.com\/wp-content\/uploads\/2017\/04\/C\u00e2bles-secteur-TWL-Digital-100x100.jpg 100w\" sizes=\"auto, 100vw\" \/><\/a>\n\t\t\t<\/div><\/figure><figure class='gallery-item'>\n\t\t\t<div class='gallery-icon landscape'>\n\t\t\t\t<a href='https:\/\/musicadomia.com\/index.php\/boutique\/cables-neodio-p5-2\/'><img loading=\"lazy\" decoding=\"async\" width=\"150\" height=\"150\" src=\"https:\/\/musicadomia.com\/wp-content\/uploads\/2017\/04\/cables-Neodio-P5-1-150x150.jpg\" class=\"attachment-thumbnail size-thumbnail\" alt=\"\" srcset=\"https:\/\/musicadomia.com\/wp-content\/uploads\/2017\/04\/cables-Neodio-P5-1-150x150.jpg 150w, https:\/\/musicadomia.com\/wp-content\/uploads\/2017\/04\/cables-Neodio-P5-1-100x100.jpg 100w\" sizes=\"auto, 100vw\" \/><\/a>\n\t\t\t<\/div><\/figure><figure class='gallery-item'>\n\t\t\t<div class='gallery-icon landscape'>\n\t\t\t\t<a href='https:\/\/musicadomia.com\/index.php\/boutique\/slide_dcsp_1\/'><img loading=\"lazy\" decoding=\"async\" width=\"150\" height=\"150\" src=\"https:\/\/musicadomia.com\/wp-content\/uploads\/2017\/04\/Slide_DCSP_1-150x150.jpg\" class=\"attachment-thumbnail size-thumbnail\" alt=\"\" srcset=\"https:\/\/musicadomia.com\/wp-content\/uploads\/2017\/04\/Slide_DCSP_1-150x150.jpg 150w, https:\/\/musicadomia.com\/wp-content\/uploads\/2017\/04\/Slide_DCSP_1-100x100.jpg 100w\" sizes=\"auto, 100vw\" \/><\/a>\n\t\t\t<\/div><\/figure><figure class='gallery-item'>\n\t\t\t<div class='gallery-icon landscape'>\n\t\t\t\t<a href='https:\/\/musicadomia.com\/index.php\/boutique\/slide_dcsp_2\/'><img loading=\"lazy\" decoding=\"async\" width=\"150\" height=\"150\" src=\"https:\/\/musicadomia.com\/wp-content\/uploads\/2017\/04\/Slide_DCSP_2-150x150.jpg\" class=\"attachment-thumbnail size-thumbnail\" alt=\"\" srcset=\"https:\/\/musicadomia.com\/wp-content\/uploads\/2017\/04\/Slide_DCSP_2-150x150.jpg 150w, https:\/\/musicadomia.com\/wp-content\/uploads\/2017\/04\/Slide_DCSP_2-100x100.jpg 100w\" sizes=\"auto, 100vw\" \/><\/a>\n\t\t\t<\/div><\/figure><figure class='gallery-item'>\n\t\t\t<div class='gallery-icon landscape'>\n\t\t\t\t<a href='https:\/\/musicadomia.com\/index.php\/boutique\/slide_hrddac_1\/'><img loading=\"lazy\" decoding=\"async\" width=\"150\" height=\"150\" src=\"https:\/\/musicadomia.com\/wp-content\/uploads\/2017\/04\/Slide_HRDDAC_1-150x150.jpg\" class=\"attachment-thumbnail size-thumbnail\" alt=\"\" srcset=\"https:\/\/musicadomia.com\/wp-content\/uploads\/2017\/04\/Slide_HRDDAC_1-150x150.jpg 150w, https:\/\/musicadomia.com\/wp-content\/uploads\/2017\/04\/Slide_HRDDAC_1-100x100.jpg 100w\" sizes=\"auto, 100vw\" \/><\/a>\n\t\t\t<\/div><\/figure><figure class='gallery-item'>\n\t\t\t<div class='gallery-icon landscape'>\n\t\t\t\t<a href='https:\/\/musicadomia.com\/index.php\/boutique\/slide_hrddac_2\/'><img loading=\"lazy\" decoding=\"async\" width=\"150\" height=\"150\" src=\"https:\/\/musicadomia.com\/wp-content\/uploads\/2017\/04\/Slide_HRDDAC_2-150x150.jpg\" class=\"attachment-thumbnail size-thumbnail\" alt=\"\" srcset=\"https:\/\/musicadomia.com\/wp-content\/uploads\/2017\/04\/Slide_HRDDAC_2-150x150.jpg 150w, https:\/\/musicadomia.com\/wp-content\/uploads\/2017\/04\/Slide_HRDDAC_2-100x100.jpg 100w\" sizes=\"auto, 100vw\" \/><\/a>\n\t\t\t<\/div><\/figure><figure class='gallery-item'>\n\t\t\t<div class='gallery-icon portrait'>\n\t\t\t\t<a href='https:\/\/musicadomia.com\/index.php\/boutique\/_zhi8866%ef%bc%88%e9%bb%91%e5%ba%95%ef%bc%89\/'><img loading=\"lazy\" decoding=\"async\" width=\"150\" height=\"150\" src=\"https:\/\/musicadomia.com\/wp-content\/uploads\/2017\/04\/ZHI8866\uff08\u9ed1\u5e95\uff09-150x150.jpg\" class=\"attachment-thumbnail size-thumbnail\" alt=\"\" srcset=\"https:\/\/musicadomia.com\/wp-content\/uploads\/2017\/04\/ZHI8866\uff08\u9ed1\u5e95\uff09-150x150.jpg 150w, https:\/\/musicadomia.com\/wp-content\/uploads\/2017\/04\/ZHI8866\uff08\u9ed1\u5e95\uff09-100x100.jpg 100w\" sizes=\"auto, 100vw\" \/><\/a>\n\t\t\t<\/div><\/figure><figure class='gallery-item'>\n\t\t\t<div class='gallery-icon landscape'>\n\t\t\t\t<a href='https:\/\/musicadomia.com\/index.php\/boutique\/leedh-complet\/'><img loading=\"lazy\" decoding=\"async\" width=\"150\" height=\"150\" src=\"https:\/\/musicadomia.com\/wp-content\/uploads\/2017\/04\/leedh-complet-150x150.png\" class=\"attachment-thumbnail size-thumbnail\" alt=\"\" srcset=\"https:\/\/musicadomia.com\/wp-content\/uploads\/2017\/04\/leedh-complet-150x150.png 150w, https:\/\/musicadomia.com\/wp-content\/uploads\/2017\/04\/leedh-complet-100x100.png 100w\" sizes=\"auto, 100vw\" \/><\/a>\n\t\t\t<\/div><\/figure><figure class='gallery-item'>\n\t\t\t<div class='gallery-icon landscape'>\n\t\t\t\t<a href='https:\/\/musicadomia.com\/index.php\/boutique\/dac-100\/'><img loading=\"lazy\" decoding=\"async\" width=\"150\" height=\"150\" src=\"https:\/\/musicadomia.com\/wp-content\/uploads\/2017\/04\/dac-100-150x150.jpg\" class=\"attachment-thumbnail size-thumbnail\" alt=\"\" srcset=\"https:\/\/musicadomia.com\/wp-content\/uploads\/2017\/04\/dac-100-150x150.jpg 150w, https:\/\/musicadomia.com\/wp-content\/uploads\/2017\/04\/dac-100-100x100.jpg 100w\" sizes=\"auto, 100vw\" \/><\/a>\n\t\t\t<\/div><\/figure><figure class='gallery-item'>\n\t\t\t<div class='gallery-icon landscape'>\n\t\t\t\t<a href='https:\/\/musicadomia.com\/index.php\/boutique\/gigawatt-lc-y-mk2_crop\/'><img loading=\"lazy\" decoding=\"async\" width=\"150\" height=\"150\" src=\"https:\/\/musicadomia.com\/wp-content\/uploads\/2017\/04\/Gigawatt-LC-Y-MK2_crop-150x150.jpg\" class=\"attachment-thumbnail size-thumbnail\" alt=\"\" srcset=\"https:\/\/musicadomia.com\/wp-content\/uploads\/2017\/04\/Gigawatt-LC-Y-MK2_crop-150x150.jpg 150w, https:\/\/musicadomia.com\/wp-content\/uploads\/2017\/04\/Gigawatt-LC-Y-MK2_crop-100x100.jpg 100w\" sizes=\"auto, 100vw\" \/><\/a>\n\t\t\t<\/div><\/figure><figure class='gallery-item'>\n\t\t\t<div class='gallery-icon landscape'>\n\t\t\t\t<a href='https:\/\/musicadomia.com\/index.php\/boutique\/gigawatt-pc4-evo\/'><img loading=\"lazy\" decoding=\"async\" width=\"150\" height=\"150\" src=\"https:\/\/musicadomia.com\/wp-content\/uploads\/2017\/04\/Gigawatt-PC4-Evo-150x150.jpg\" class=\"attachment-thumbnail size-thumbnail\" alt=\"\" srcset=\"https:\/\/musicadomia.com\/wp-content\/uploads\/2017\/04\/Gigawatt-PC4-Evo-150x150.jpg 150w, https:\/\/musicadomia.com\/wp-content\/uploads\/2017\/04\/Gigawatt-PC4-Evo-100x100.jpg 100w\" sizes=\"auto, 100vw\" \/><\/a>\n\t\t\t<\/div><\/figure><figure class='gallery-item'>\n\t\t\t<div class='gallery-icon landscape'>\n\t\t\t\t<a href='https:\/\/musicadomia.com\/index.php\/boutique\/phaeton\/'><img loading=\"lazy\" decoding=\"async\" width=\"150\" height=\"150\" src=\"https:\/\/musicadomia.com\/wp-content\/uploads\/2017\/04\/Phaeton-150x150.jpg\" class=\"attachment-thumbnail size-thumbnail\" alt=\"\" srcset=\"https:\/\/musicadomia.com\/wp-content\/uploads\/2017\/04\/Phaeton-150x150.jpg 150w, https:\/\/musicadomia.com\/wp-content\/uploads\/2017\/04\/Phaeton-100x100.jpg 100w\" sizes=\"auto, 100vw\" \/><\/a>\n\t\t\t<\/div><\/figure><figure class='gallery-item'>\n\t\t\t<div class='gallery-icon landscape'>\n\t\t\t\t<a href='https:\/\/musicadomia.com\/index.php\/boutique\/playback-design-mps-3-3\/'><img loading=\"lazy\" decoding=\"async\" width=\"150\" height=\"150\" src=\"https:\/\/musicadomia.com\/wp-content\/uploads\/2017\/04\/Playback-Design-MPS-3-2-150x150.png\" class=\"attachment-thumbnail size-thumbnail\" alt=\"\" srcset=\"https:\/\/musicadomia.com\/wp-content\/uploads\/2017\/04\/Playback-Design-MPS-3-2-150x150.png 150w, https:\/\/musicadomia.com\/wp-content\/uploads\/2017\/04\/Playback-Design-MPS-3-2-100x100.png 100w\" sizes=\"auto, 100vw\" \/><\/a>\n\t\t\t<\/div><\/figure><figure class='gallery-item'>\n\t\t\t<div class='gallery-icon landscape'>\n\t\t\t\t<a href='https:\/\/musicadomia.com\/index.php\/boutique\/supports-neodio-b1-origine-2\/'><img loading=\"lazy\" decoding=\"async\" width=\"150\" height=\"150\" src=\"https:\/\/musicadomia.com\/wp-content\/uploads\/2017\/04\/Supports-Neodio-B1-origine-1-150x150.jpg\" class=\"attachment-thumbnail size-thumbnail\" alt=\"\" srcset=\"https:\/\/musicadomia.com\/wp-content\/uploads\/2017\/04\/Supports-Neodio-B1-origine-1-150x150.jpg 150w, https:\/\/musicadomia.com\/wp-content\/uploads\/2017\/04\/Supports-Neodio-B1-origine-1-100x100.jpg 100w\" sizes=\"auto, 100vw\" \/><\/a>\n\t\t\t<\/div><\/figure><figure class='gallery-item'>\n\t\t\t<div class='gallery-icon landscape'>\n\t\t\t\t<a href='https:\/\/musicadomia.com\/index.php\/boutique\/ypsilon_pst100\/'><img loading=\"lazy\" decoding=\"async\" width=\"150\" height=\"150\" src=\"https:\/\/musicadomia.com\/wp-content\/uploads\/2017\/04\/ypsilon_PST100-150x150.jpg\" class=\"attachment-thumbnail size-thumbnail\" alt=\"\" srcset=\"https:\/\/musicadomia.com\/wp-content\/uploads\/2017\/04\/ypsilon_PST100-150x150.jpg 150w, https:\/\/musicadomia.com\/wp-content\/uploads\/2017\/04\/ypsilon_PST100-100x100.jpg 100w\" sizes=\"auto, 100vw\" \/><\/a>\n\t\t\t<\/div><\/figure><figure class='gallery-item'>\n\t\t\t<div class='gallery-icon landscape'>\n\t\t\t\t<a href='https:\/\/musicadomia.com\/index.php\/boutique\/cdt100\/'><img loading=\"lazy\" decoding=\"async\" width=\"150\" height=\"150\" src=\"https:\/\/musicadomia.com\/wp-content\/uploads\/2017\/04\/cdt100-150x150.jpg\" class=\"attachment-thumbnail size-thumbnail\" alt=\"\" srcset=\"https:\/\/musicadomia.com\/wp-content\/uploads\/2017\/04\/cdt100-150x150.jpg 150w, https:\/\/musicadomia.com\/wp-content\/uploads\/2017\/04\/cdt100-100x100.jpg 100w\" sizes=\"auto, 100vw\" \/><\/a>\n\t\t\t<\/div><\/figure><figure class='gallery-item'>\n\t\t\t<div class='gallery-icon landscape'>\n\t\t\t\t<a href='https:\/\/musicadomia.com\/index.php\/boutique\/compact-cdt100\/'><img loading=\"lazy\" decoding=\"async\" width=\"150\" height=\"150\" src=\"https:\/\/musicadomia.com\/wp-content\/uploads\/2017\/04\/compact-cdt100-150x150.jpg\" class=\"attachment-thumbnail size-thumbnail\" alt=\"\" srcset=\"https:\/\/musicadomia.com\/wp-content\/uploads\/2017\/04\/compact-cdt100-150x150.jpg 150w, https:\/\/musicadomia.com\/wp-content\/uploads\/2017\/04\/compact-cdt100-100x100.jpg 100w\" sizes=\"auto, 100vw\" \/><\/a>\n\t\t\t<\/div><\/figure><figure class='gallery-item'>\n\t\t\t<div class='gallery-icon landscape'>\n\t\t\t\t<a href='https:\/\/musicadomia.com\/index.php\/boutique\/set-ultimate\/'><img loading=\"lazy\" decoding=\"async\" width=\"150\" height=\"150\" src=\"https:\/\/musicadomia.com\/wp-content\/uploads\/2017\/04\/Set-Ultimate-150x150.jpg\" class=\"attachment-thumbnail size-thumbnail\" alt=\"\" srcset=\"https:\/\/musicadomia.com\/wp-content\/uploads\/2017\/04\/Set-Ultimate-150x150.jpg 150w, https:\/\/musicadomia.com\/wp-content\/uploads\/2017\/04\/Set-Ultimate-100x100.jpg 100w\" sizes=\"auto, 100vw\" \/><\/a>\n\t\t\t<\/div><\/figure>\n\t\t<\/div>\n\n<p>&nbsp;<\/p>\n<p>&nbsp;<\/p>\n","protected":false},"excerpt":{"rendered":"<p>Une remise pourra \u00eatre accord\u00e9e aux clients de Musicadomia et aux personnes \u00e9tant parrain\u00e9es. Au del\u00e0 de la fid\u00e9lit\u00e9, des commandes group\u00e9es pourront \u00e9galement donner acc\u00e8s \u00e0\u00a0une remise. Nous contacter pour plus de d\u00e9tails : contact@musicadomia.com &nbsp; &nbsp; &nbsp;<\/p>\n","protected":false},"author":1,"featured_media":0,"parent":0,"menu_order":0,"comment_status":"closed","ping_status":"closed","template":"","meta":{"footnotes":""},"class_list":["post-133","page","type-page","status-publish","hentry"],"_links":{"self":[{"href":"https:\/\/musicadomia.com\/index.php\/wp-json\/wp\/v2\/pages\/133","targetHints":{"allow":["GET"]}}],"collection":[{"href":"https:\/\/musicadomia.com\/index.php\/wp-json\/wp\/v2\/pages"}],"about":[{"href":"https:\/\/musicadomia.com\/index.php\/wp-json\/wp\/v2\/types\/page"}],"author":[{"embeddable":true,"href":"https:\/\/musicadomia.com\/index.php\/wp-json\/wp\/v2\/users\/1"}],"replies":[{"embeddable":true,"href":"https:\/\/musicadomia.com\/index.php\/wp-json\/wp\/v2\/comments?post=133"}],"version-history":[{"count":0,"href":"https:\/\/musicadomia.com\/index.php\/wp-json\/wp\/v2\/pages\/133\/revisions"}],"wp:attachment":[{"href":"https:\/\/musicadomia.com\/index.php\/wp-json\/wp\/v2\/media?parent=133"}],"curies":[{"name":"wp","href":"https:\/\/api.w.org\/{rel}","templated":true}]}}